-4*j + 35 = -3*j. Let g = -93 - -102. Calculate the remainder when j is divided by g.
8
Suppose -5*o = 5*q - 25, 3*q = 3*o - 5*o + 11. Let g be (9 - 1) + 28/(-14). Let b = g - 5. What is the remainder when b is divided by q?
0
Calculate the remainder when (-3)/(-2)*-7*238/(-147) is divided by 8.
1
Let u(a) = a**2 + 6*a + 7. What is the remainder when ((-319)/(-6))/1 - (-11)/(-66) is divided by u(-7)?
11
Suppose -5*h + 9*v = 7*v - 315, v = -5*h + 330. What is the remainder when h is divided by 11?
10
Let r = -259 + 295. What is the remainder when 179 is divided by r?
35
Let t = -71 + 65. Calculate the remainder when (-2)/t*(6/2 + 54) is divided by 12.
7
What is the remainder when (-15)/(-45) - -1*542/3 is divided by 100?
81
Suppose -s - d + 1 = 0, s + 5*d = 4 + 13. Let u be 0/s + 36*2. Suppose 7*z - u = z. Calculate the remainder when 33 is divided by z.
9
Let u(l) be the first derivative of -3*l**2 - 20*l - 2. What is the remainder when 101 is divided by u(-9)?
33
Suppose 0 = -981*t + 989*t - 1680. What is the remainder when t is divided by 76?
58
Let m = -312 - -325. Calculate the remainder when 99 is divided by m.
8
Let l = -43 - -61. What is the remainder when (44/(-10))/11*-170 is divided by l?
14
Let c(a) = a**3 - 6*a**2 + 5. Calculate the remainder when (10 - (-6)/(-2)) + -1 is divided by c(6).
1
Suppose -2*r - 3*k + 17 = -0*r, 5*r - k = 17. Suppose 0 = -2*i - 4*p - 288, -2*i = 3*i + r*p + 744. What is the remainder when 74 is divided by 1/(2/i*-4)?
17
Let r(k) = 2*k + 5. Let f be 91/4 + (-7)/(-28). Let j = 0 + f. Calculate the remainder when j is divided by r(4).
10
Let p(q) = 17*q. What is the remainder when (4 + 34/(-5))*(-280)/16 is divided by p(1)?
15
Suppose -3*c + 1470 = 7*c. Suppose -37 + 0 = -q. What is the remainder when c is divided by q?
36
Suppose -r = 4*j - 49, 0 = -3*r - 5*j + 11 + 157. Let n be 0 + 82/2 + 1. Suppose 0 = 7*u - 5*u - n. What is the remainder when r is divided by u?
19
Suppose 0 = -4*l - r + 105 + 60, 0 = 2*r - 10. What is the remainder when ((-5)/((-75)/(-936)))/((-12)/l) is divided by 70?
68
Suppose u + 35 = -0*u. Let x = u - -51. Calculate the remainder when x is divided by 6.
4
Suppose 24*i - 2071 = 1457. Suppose 2*t = -3*x + 56, 4*t = 2*x + 163 - 67. Calculate the remainder when i is divided by t.
22
Suppose 0*k - 2*k = -w - 30, 45 = 3*k - 5*w. Calculate the remainder when ((-199)/(-398))/(-1 - 59/(-58)) is divided by k.
14
Let b = 463 + -375. What is the remainder when b is divided by 3?
1
Let f(o) = 9*o**2 - 42*o - 30. Let r(a) = 5*a**2. What is the remainder when r(-4) is divided by f(6)?
38
Let f(d) = 3*d + d**3 - 2 - 4*d**2 + 5 + 2 - 3. Let g be f(3). Suppose 0 = g*q + 5 - 43. Calculate the remainder when q is divided by 7.
5
Suppose 0 = -4*o + 20, -73 - 307 = -2*y - 2*o. Calculate the remainder when 1477 is divided by y.
182
Let x(d) = -d**3 - 3*d**2 - 4*d - 1. Let j(o) = -19*o + 29. Let m be j(5). Let y = m + 70. What is the remainder when x(-3) is divided by y?
3
Suppose 5*p - 50*s - 135 = -45*s, 2*p - 49 = 3*s. Calculate the remainder when p is divided by 14.
4
Suppose -2*k + 2*s - 8 = 0, -4*k + 5*s - 18 = 2. Suppose 4*d + 23 = l, 2*l + 3*d + 9 = -k*l. What is the remainder when 17 is divided by l?
2
Let s(b) be the first derivative of -7*b**2/2 - 9*b - 1. Suppose -6*i = 3*i + 36. Calculate the remainder when s(i) is divided by 5.
4
Suppose -5*h = 5*b - 110, 5*b - 2*h - 82 = -0*h. Let n = b + -5. Calculate the remainder when 1/(5/185 + 0) is divided by n.
11
Suppose -7*m - 2398 = -18*m. Calculate the remainder when m is divided by 68.
14
Suppose -4*u = -4*i - 84, 2*u - 3 - 49 = 4*i. Let s = 30 - u. Let j = s - 4. What is the remainder when 17 is divided by j?
7
Suppose -r + n + 218 = -3*n, -4*n - 1154 = -5*r. Calculate the remainder when r is divided by 47.
46
Let g = 121 - 96. What is the remainder when 41 is divided by g?
16
Let o = -26 + 36. Suppose 2*j - 3*b + 2 = o, b = -4*j + 30. Suppose 44*a = 45*a - 20. Calculate the remainder when a is divided by j.
6
Suppose 27*t - 158 - 382 = 0. What is the remainder when 68 is divided by t?
8
Let q(r) = -2*r**2 - 36*r + 7. Calculate the remainder when 42 is divided by q(0).
0
Let m = 11 - 2. Let d = 13 - m. Let n(q) = -q**3 + 6*q**2 + 2*q - 10. What is the remainder when d is divided by n(6)?
0
Let l(r) = -r**3 - 22*r**2 + 19*r + 32. Calculate the remainder when l(-23) is divided by 16.
12
Let m be (56/10)/(4*(-3)/120). Let b = m + 71. What is the remainder when 63 is divided by b?
3
Suppose 5*m = -2*r + 125, 4*r - r = 0. Let g(l) = l. Calculate the remainder when m is divided by g(7).
4
Suppose 5*w - 5*f = 2*w + 34, 3*f + 21 = 2*w. Suppose -4*n = w*m - n - 66, m - 4*n - 27 = 0. Calculate the remainder when m is divided by 8.
7
Let x = -18 + 27. Calculate the remainder when 96 is divided by x.
6
Suppose x + 2 = 8. Calculate the remainder when x/15 + (-366)/(-10) is divided by 16*7/(19 - 5).
5
Let k(j) = -j**2 - 19*j + 16. Calculate the remainder when 247 is divided by k(-17).
47
Suppose 5*c - 62 - 218 = 0. Let h(y) = 4*y + 3*y + 1 - 2 + y**2. What is the remainder when c is divided by h(-10)?
27
Let p = -15 + 17. Suppose -10*z + 536 = -p*z. What is the remainder when z is divided by 23?
21
Let i(h) = -2*h**2 + 32*h + 16. Calculate the remainder when 325 is divided by i(12).
101
Let r(o) = -o - 2. Suppose -3*l = -2*l + 2*q + 31, q - 19 = l. What is the remainder when 145 is divided by r(l)?
19
Let l be (1 + 32)*(-3)/(-9). Suppose -5*u = -l - 34. Let p(h) = h**3 + 5*h**2 + 2*h - 4. What is the remainder when u is divided by p(-4)?
1
Let o = -170 - -175. Suppose 2*w = 3*x - 142, -o*w + 2*w - 15 = 0. What is the remainder when x is divided by 15 - 1 - (-1 - 0)?
14
Let l = 1730 + -1717. Calculate the remainder when 402 is divided by l.
12
Calculate the remainder when 10 + (148 - 0) + -2 is divided by 44.
24
Let v(j) = -j**3 + 22*j**2 + 106*j - 31. What is the remainder when 59 is divided by v(26)?
17
Let n = 2294 - 2256. Calculate the remainder when 127 is divided by n.
13
Let w be 2702/10 + 3/(-15) - -3. Suppose 0 = d + 5*q + 1 - 80, -3*q + w = 3*d. Calculate the remainder when d is divided by 32.
30
Let k be (-1)/(5/15*-3). Let y = k - -32. Calculate the remainder when 128 is divided by y.
29
Suppose 4*l - 4*b - 204 = 0, 2*b + 120 + 29 = 3*l. Calculate the remainder when 120 is divided by l.
26
Let r(t) = t**3 - 6*t**2 - 8*t + 9. Let a be r(7). Suppose 12 = -a*x - x. Calculate the remainder when (-7)/14 - 170/x is divided by 11.
9
Let y(m) = m**3 + 11*m**2 + 18*m + 19. Calculate the remainder when 168 is divided by y(-9).
16
Suppose -5*c + 29 = 2*z - 0*c, 5*c = -25. Suppose -18*t + 42 = -15*t. Let b = z - t. Calculate the remainder when b is divided by 4.
1
Suppose 0 = 22*x - 24*x - 18. Calculate the remainder when (-2)/(x/((-396)/(-8))) is divided by 3.
2
Suppose 6*y = 13 + 41. Suppose 3*s - 3*m + 0*m = 18, 3*s + 4*m = -3. Calculate the remainder when y is divided by s.
0
Suppose 8*l = 12*l + 660. Let y = l + 85. Let b = -47 - y. What is the remainder when b is divided by 9?
6
Suppose -9 = 3*y, -13*y - 60 = -2*z - 17*y. What is the remainder when 85 is divided by z?
13
Let j = -23920 - -23926. Suppose f + 3*u = 4*f - 12, -5*u + 34 = 4*f. What is the remainder when j is divided by f?
0
Suppose 0 = o + o. Let p(n) = 7*n + 5 - 4 + o + 3. Calculate the remainder when 31 is divided by p(2).
13
Let y = 69 + 22. Let w = 158 - 103. Suppose -2*q + 7 = -w. Calculate the remainder when y is divided by q.
29
Suppose 99 = 5*v + 9. Let a = 20 + 67. Calculate the remainder when a is divided by v.
15
Suppose -3*o + 2*n + 535 = 0, -2*n - 60 = -2*o + 298. Suppose -4*v - 5*x + 152 = 0, 8*v + 3*x - o = 3*v. What is the remainder when 65 is divided by v?
32
Let a(g) = g**3 + 9*g**2 - 10*g + 4. Let x be a(-10). Suppose 3 = x*u - 49. What is the remainder when 25 is divided by u?
12
Let h be (-13 + 15)*1*2. Suppose o + 54 = h*o. What is the remainder when 33 is divided by o?
15
Suppose 106*c - 30 = 104*c. Calculate the remainder when 83 is divided by c.
8
Suppose 4*y + 14 = 5*t - 13, 0 = t - 3*y - 1. Let c be (225/(-100))/((-2*1)/8). Suppose -11*d + 10 = -c*d. What is the remainder when t is divided by d?
2
Suppose u + b = 3 + 40, b = 4*u - 187. Suppose 5*k - 58 - 22 =